
What is the thousands digit of 226002?
6
What is the units digit of 777687?
7
What is the hundreds digit of 96834?
8
What is the tens digit of 6546?
4
What is the ten thousands digit of 472012?
7
What is the thousands digit of 229458?
9
What is the hundred thousands digit of 26283836?
2
What is the units digit of 7466?
6
What is the units digit of 1310884?
4
What is the units digit of 1548068?
8
What is the hundred thousands digit of 12263571?
2
What is the hundreds digit of 265624?
6
What is the hundreds digit of 14344?
3
What is the millions digit of 1386689?
1
What is the units digit of 66776?
6
What is the hundreds digit of 76703?
7
What is the hundreds digit of 4861567?
5
What is the hundred thousands digit of 2347973?
3
What is the ten thousands digit of 110809?
1
What is the hundred thousands digit of 4751752?
7
What is the hundred thousands digit of 227284?
2
What is the units digit of 10463532?
2
What is the units digit of 1355370?
0
What is the units digit of 2121937?
7
What is the millions digit of 4555100?
4
What is the ten thousands digit of 3294032?
9
What is the tens digit of 980053?
5
What is the tens digit of 780250?
5
What is the tens digit of 301592?
9
What is the thousands digit of 15983?
5
What is the hundreds digit of 4604065?
0
What is the thousands digit of 120023?
0
What is the thousands digit of 13318384?
8
What is the ten thousands digit of 89320?
8
What is the millions digit of 4132767?
4
What is the ten thousands digit of 23821902?
2
What is the ten millions digit of 12971852?
1
What is the ten thousands digit of 41650?
4
What is the thousands digit of 2089935?
9
What is the hundreds digit of 392808?
8
What is the units digit of 51924?
4
What is the tens digit of 9365855?
5
What is the hundred thousands digit of 21069510?
0
What is the ten thousands digit of 907576?
0
What is the ten millions digit of 13049641?
1
What is the tens digit of 3235124?
2
What is the hundred thousands digit of 17613479?
6
What is the hundred thousands digit of 1545459?
5
What is the tens digit of 3979520?
2
What is the ten thousands digit of 4556219?
5
What is the tens digit of 5578004?
0
What is the ten millions digit of 23033115?
2
What is the hundreds digit of 2496616?
6
What is the thousands digit of 245675?
5
What is the hundred thousands digit of 2361110?
3
What is the thousands digit of 256391?
6
What is the millions digit of 1710149?
1
What is the ten millions digit of 10911192?
1
What is the hundreds digit of 100826?
8
What is the thousands digit of 8005632?
5
What is the hundred thousands digit of 506632?
5
What is the ten thousands digit of 3216459?
1
What is the ten thousands digit of 4665034?
6
What is the thousands digit of 732877?
2
What is the ten thousands digit of 630292?
3
What is the ten thousands digit of 16643622?
4
What is the millions digit of 6353343?
6
What is the hundred thousands digit of 958351?
9
What is the ten thousands digit of 6948008?
4
What is the units digit of 5602743?
3
What is the tens digit of 742494?
9
What is the ten millions digit of 12809799?
1
What is the hundreds digit of 4281639?
6
What is the thousands digit of 8197073?
7
What is the hundreds digit of 1177055?
0
What is the hundreds digit of 15760582?
5
What is the thousands digit of 5239018?
9
What is the tens digit of 6792332?
3
What is the hundreds digit of 681185?
1
What is the units digit of 17326916?
6
What is the hundreds digit of 1168893?
8
What is the thousands digit of 5886674?
6
What is the thousands digit of 229131?
9
What is the thousands digit of 3082932?
2
What is the millions digit of 3107433?
3
What is the ten thousands digit of 587867?
8
What is the millions digit of 3414010?
3
What is the hundreds digit of 13295154?
1
What is the ten millions digit of 17912137?
1
What is the ten thousands digit of 192703?
9
What is the ten thousands digit of 1407018?
0
What is the hundreds digit of 220271?
2
What is the hundreds digit of 17207420?
4
What is the thousands digit of 5260299?
0
What is the thousands digit of 1638778?
8
What is the tens digit of 736858?
5
What is the units digit of 139706?
6
What is the tens digit of 1236114?
1
What is the units digit of 524398?
8
What is the hundreds digit of 49950?
9
What is the ten thousands digit of 574116?
7
What is the ten millions digit of 14532991?
1
What is the ten thousands digit of 3229476?
2
What is the thousands digit of 4187752?
7
What is the hundreds digit of 2517142?
1
What is the thousands digit of 107521?
7
What is the millions digit of 3833877?
3
What is the hundreds digit of 4843787?
7
What is the ten thousands digit of 79273?
7
What is the hundreds digit of 5501583?
5
What is the millions digit of 5140631?
5
What is the units digit of 402695?
5
What is the hundred thousands digit of 367486?
3
What is the tens digit of 2336635?
3
What is the hundred thousands digit of 338244?
3
What is the tens digit of 35372553?
5
What is the thousands digit of 48501?
8
What is the millions digit of 5345527?
5
What is the thousands digit of 2141412?
1
What is the ten millions digit of 12588350?
1
What is the units digit of 1313?
3
What is the ten thousands digit of 1254984?
5
What is the tens digit of 61852?
5
What is the hundreds digit of 59815?
8
What is the thousands digit of 274850?
4
What is the millions digit of 6858956?
6
What is the units digit of 677255?
5
What is the thousands digit of 3017723?
7
What is the tens digit of 254813?
1
What is the hundred thousands digit of 3223846?
2
What is the tens digit of 2462875?
7
What is the hundreds digit of 39606?
6
What is the ten thousands digit of 1394624?
9
What is the units digit of 281816?
6
What is the thousands digit of 55731?
5
What is the thousands digit of 1085198?
5
What is the tens digit of 700325?
2
What is the hundreds digit of 1791863?
8
What is the hundreds digit of 1497588?
5
What is the hundred thousands digit of 146859?
1
What is the hundred thousands digit of 481233?
4
What is the ten thousands digit of 162587?
6
What is the tens digit of 172350?
5
What is the tens digit of 532530?
3
What is the units digit of 7208164?
4
What is the ten thousands digit of 1652822?
5
What is the hundred thousands digit of 820949?
8
What is the hundreds digit of 39460?
4
What is the millions digit of 2148436?
2
What is the ten thousands digit of 3214617?
1
What is the ten thousands digit of 454012?
5
What is the hundred thousands digit of 539399?
5
What is the hundred thousands digit of 171008?
1
What is the hundred thousands digit of 3968371?
9
What is the hundreds digit of 11418?
4
What is the ten thousands digit of 5418097?
1
What is the millions digit of 2334634?
2
What is the hundred thousands digit of 2279016?
2
What is the hundreds digit of 98318?
3
What is the hundred thousands digit of 121362?
1
What is the ten thousands digit of 64984?
6
What is the tens digit of 448605?
0
What is the thousands digit of 408856?
8
What is the tens digit of 7179895?
9
What is the hundred thousands digit of 3863588?
8
What is the ten thousands digit of 3765409?
6
What is the tens digit of 6427084?
8
What is the tens digit of 57792?
9
What is the units digit of 224638?
8
What is the hundreds digit of 14387197?
1
What is the units digit of 635353?
3
What is the millions digit of 16412606?
6
What is the ten thousands digit of 565518?
6
What is the hundred thousands digit of 217708?
2
What is the units digit of 7517178?
8
What is the ten millions digit of 25320612?
2
What is the thousands digit of 1345766?
5
What is the ten thousands digit of 102608?
0
What is the ten thousands digit of 9025467?
2
What is the units digit of 99469?
9
What is the thousands digit of 894114?
4
What is the thousands digit of 579396?
9
What is the hundreds digit of 210234?
2
What is the units digit of 10909784?
4
What is the thousands digit of 20748?
0
What is the thousands digit of 1286666?
6
What is the units digit of 955477?
7
What is the ten thousands digit of 121083?
2
What is the hundreds digit of 7105067?
0
What is the units digit of 173179?
9
What is the hundred thousands digit of 379545?
3
What is the hundreds digit of 4376327?
3
What is the tens digit of 5006639?
3
What is the units digit of 326533?
3
What is the thousands digit of 7846876?
6
What is the uni